= -2*p + 1351, 2*c - 585 = p. Calculate the remainder when c is divided by 99.
94
Suppose 0 = a + 5, -5*d + 130 = 5*a - 7*a. Let k(b) = -b**2 + 25*b - 32. Let t be k(d). Let o(s) = -7*s + 1. What is the remainder when o(t) is divided by 29?
28
Suppose -201 = -4*f - 5*z, -3*f - 83 = -3*z - 227. Suppose -3*m + f = -20. Let x = -126 + 168. What is the remainder when x is divided by m?
19
Let i(f) = 7*f**2 + 41*f - 6. Let w be i(-6). Suppose -u - 3*u + d = -158, w = 2*u - 4*d - 72. What is the remainder when 159 is divided by u?
39
Let d(r) = r**3 + 11*r**2 + 16*r - 12. Let a be d(-9). Let x = 29 + -27. What is the remainder when 2/4 + ((-435)/a)/(-5) is divided by x?
1
Calculate the remainder when (-1 - 4) + (101 - 33) is divided by 16.
15
Let v(l) = -l + 110. Suppose -7*u + 3*i + 196 = 0, u + 5*i = 8*i + 28. Calculate the remainder when v(0) is divided by u.
26
Suppose -4*s + 514 + 106 = 0. Let c(l) be the first derivative of -11*l**2/2 - 104*l - 168. Calculate the remainder when s is divided by c(-13).
38
Suppose 3*r + 5*f - 11 = 0, -3*r + 5*f + 1 = 30. What is the remainder when 1/3 + (-59)/r is divided by (-3737)/(-303) - (-1)/(-3)?
8
Suppose -37 = v - 75. Suppose 2*u - v = 2*s, u - 4*u + 33 = 3*s. What is the remainder when 28 is divided by u?
13
Let j(k) = 8*k + 46. Let f be j(18). Suppose -5*m + f = -5*t, 3*m + 3*t - 149 = -t. Calculate the remainder when 138 is divided by m.
9
Suppose 330 = 5*t + 3*y, 35*t - 33*t - 148 = 2*y. Calculate the remainder when 86 is divided by t.
17
Suppose 0 = 7*k - 30 - 5605. Calculate the remainder when k is divided by 101.
98
Suppose 3*g + 2 = -7, -3*o + g + 213 = 0. Suppose -26*c + 25*c = 302. What is the remainder when o is divided by -2*c/28 - 36/63?
7
Let v(m) = 5*m**3 - 2*m**2 - 2*m. Let i = 32 - -21. Let j = 63 - i. What is the remainder when v(2) is divided by j?
8
Suppose 0 = 2*q - 65*s + 60*s - 741, -5*q + 18*s = -1825. What is the remainder when q is divided by 196?
187
Let a = 16 - 24. Let l = a + 11. Suppose 3*f - 2*z = 0, -18*f - 2*f + 32*f = 7*f + 3*z + 1. What is the remainder when l is divided by f?
1
Let o(k) be the second derivative of k**5/20 + 7*k**4/6 - k**3/2 + 37*k**2/2 + k + 1. Calculate the remainder when 394 is divided by o(-14).
78
Let j be 512/(-4)*-5 + (-3 - 0). Suppose -j - 1063 = -17*x. Calculate the remainder when x is divided by 18.
10
Suppose 0 = -10*n - 7911 + 10301. What is the remainder when n is divided by 169?
70
Let w(r) = 22*r + 20. Let c be w(4). What is the remainder when (c/(-81))/(4/(-18)) is divided by 5?
1
Let x(n) = 19*n + 3*n - 315 + 2*n. What is the remainder when 37 is divided by x(14)?
16
Let r be (332/4 - -5) + -2. Let o = r + 17. Calculate the remainder when o is divided by 15.
13
Calculate the remainder when 8/(-28) - (1 - (-13215)/(-21)) is divided by 134.
92
What is the remainder when 498 is divided by 5635/(-230)*6/(-7)?
15
Suppose 11 = 5*s + 4*x, 0 = 3*s + 2*x - x - 8. Suppose s*c - 3 = 5*g, 3*g = -3*c - g + 30. Calculate the remainder when 31 is divided by c.
1
Let n be 4/8 - (3 + 4/8). Calculate the remainder when (96/(-80))/(n/10) - -177 is divided by 46.
43
Suppose 591 - 81 = 9*t - 6*t. Calculate the remainder when 210 is divided by t.
40
Let m be (4/6)/(44/198). Suppose 5*k = 2*t - 19, t - 4*t + m*k = -6. What is the remainder when 37 is divided by 1/t*(-35 + 11)?
5
Suppose -5*m - 7*m = 2220. Let j = m + 292. What is the remainder when j is divided by 27?
26
Suppose 8*x = 7*x + 141. Let d = 164 - x. Calculate the remainder when 87 is divided by d.
18
Suppose 0*w + 4*x = w - 3, 5*x = 0. Suppose 3*j = 4*m + 11, -w*m = -7*m + 5*j - 13. What is the remainder when 33 is divided by m/((-148)/(-52) - 3)?
7
Suppose 4*s = 0, 5*m + 15*s - 309 = 436. Calculate the remainder when m is divided by 30.
29
Suppose 3*u - 7 - 20 = 3*y, -7*u + 23 = 3*y. Let j = -2 - 0. Let f = j - -13. What is the remainder when f is divided by u?
1
Calculate the remainder when 1116 is divided by ((-25)/50)/(1/(-118)).
54
Suppose -4*b = -112 + 16. Let d be (-4)/(-24) + (3 - 4/b). Let w = 21 - d. Calculate the remainder when 49 is divided by w.
13
Let q(d) = -7*d**3 + d**3 + 3*d**2 + d**3 + 4*d**3 + 10*d + 111 - 2*d**2. What is the remainder when q(0) is divided by 23?
19
Calculate the remainder when 13292 is divided by (17/(-2))/(3/(5/(25/(-30)))).
15
What is the remainder when 908 is divided by (14/(-4))/(-26 + (-6710)/(-264))?
2
Let q = 5060 + -5047. Calculate the remainder when 158 is divided by q.
2
Let p = -176 - -186. Suppose m = 2*u + 57, -5*m + 0*m - 5*u + 270 = 0. Suppose m = -p*k + 665. What is the remainder when k is divided by 21?
19
Calculate the remainder when 678 is divided by 195 + (-11 + 5 + 6)/(-1).
93
Suppose -3*i + 5*f = -2*i - 35, -5*i + 5*f = -95. Let j = 55 + -33. Suppose -2*z + 36 = -j. Calculate the remainder when z is divided by i.
14
Let k be -8 - -95 - 7 - (5 - 2). Suppose -3*p + 28 = -0*h + h, 2*h - p - k = 0. Calculate the remainder when 147 is divided by h.
36
Suppose -p - 5*h = -6, 5*h = 3*p + 2*p - 90. Let j = 114 - 37. What is the remainder when j is divided by p?
13
Let q(g) = -18*g + 20. Let c(d) = 39*d - 41. Let l(f) = -3*c(f) - 7*q(f). Calculate the remainder when 389 is divided by l(5).
25
What is the remainder when (2520/(-294))/((-3)/112) is divided by 27?
23
What is the remainder when (-31060)/(-6) - (-18 + (-1416)/(-72)) is divided by 6?
3
Let k be (39/(-6))/(22/(-44)). Suppose j = -3*r + 251, 0 = -4*j + k - 29. Let n(w) = 5*w + 4. Calculate the remainder when r is divided by n(5).
27
Let q = -6473 - -6924. What is the remainder when q is divided by 156?
139
Suppose 45*b - 48*b = -48. Suppose -b = 5*a - 86. Calculate the remainder when (-2 + 1)/((-2)/104) is divided by a.
10
Suppose -v = -h - 3087, 4*v + 48*h - 50*h = 12332. Calculate the remainder when v is divided by 154.
153
Let i(a) = 6*a**2 - 10*a - 3. Let m be i(5). Let o be (m - 2 - 3)*1. Let b = o + -64. What is the remainder when b is divided by 11?
6
Suppose -12*g + 75 = -441. Let a = -12 + 12. Let l = 15 - a. What is the remainder when g is divided by l?
13
Let y(z) = -3*z**2 + 97*z - 25. Let m be (-2)/9 + (-2286)/(-81). What is the remainder when y(m) is divided by 49?
45
Let p(o) = 5*o - 4. Let l be 0/(10/(-25) + (-36)/10). Suppose l = 88*w - 81*w - 644. What is the remainder when w is divided by p(4)?
12
Suppose 5 = t, 2*l - 3*l = t - 1. Calculate the remainder when -365*6/(-25) + l/(-10) is divided by 13.
10
Suppose -4*g = 3*h - 325, 37*h = 36*h - 5. Calculate the remainder when g is divided by 69.
16
Suppose s - y - 1592 = 1757, -s + 5*y + 3349 = 0. What is the remainder when 3/(-6) - s/(-34) is divided by 11?
10
Suppose -13*o - 12*o - 5934 = -28*o. What is the remainder when o is divided by 31?
25
Suppose 7552 = 7*t + 7412. Let m(b) = -b**2 - 15*b + 3. Calculate the remainder when m(-9) is divided by t.
17
Calculate the remainder when (-11922678)/(-2754) - (-4)/(-18) is divided by 76.
73
Let y = 10311 + -10307. What is the remainder when 341 is divided by y?
1
Suppose 0 = -3*r + 23 - 29, 3*v - 2*r = 46. What is the remainder when 194 is divided by v?
12
Suppose 650 = 137*z - 132*z. What is the remainder when z is divided by 33?
31
Suppose 4*w = -3*v + 7*v + 7684, 5*w - 9593 = v. What is the remainder when w is divided by 64?
62
Let f = -4 + 8. Suppose f*y + 1 - 69 = -4*i, -5*y - 65 = -5*i. Let n = -8740 - -8749. What is the remainder when i is divided by n?
6
Suppose 3*a - 174 = -3*l + 7*a, -l + 51 = a. What is the remainder when 120 is divided by l?
12
Let p(m) = -18*m + 277. Let s be p(15). What is the remainder when s + 4 + -12 - 1*-49 is divided by 26?
22
Suppose -32*c - 1314 + 364 = -82*c. What is the remainder when ((-38)/1)/(2/(-1)) is divided by c?
0
Let r be (-5)/1*377*(-4)/(-10). Let n = r - -803. Let h(o) = -4*o - 3. Calculate the remainder when n is divided by h(-2).
4
Calculate the remainder when 5841720/820 + 24/(-492) is divided by 27.
23
Let u be 2/15 - (-43)/15. Suppose 4*l - u*l = 66. Let r(d) = 7*d - 116. What is the remainder when l is divided by r(20)?
18
Suppose -5*b = -4*g + 166 + 61, 0 = g - 3*b - 48. Suppose -43 = -3*f + 4*i + 20, g = 3*f + 3*i. What is the remainder when 29 is divided by 207/f - (-6)/42?
9
Suppose 82 = -3*p - 86. Calculate 